et c(n) = n**3 - 66*n**2 + 70*n + 225. Is c(65) a multiple of 22?
True
Is 12 + -35 + 19394 + 9 a multiple of 34?
True
Suppose -5*w + 8946 = -t, -2*t + 4196 = 3*w - 1169. Does 12 divide w?
False
Is 13 a factor of 26*11/((-165)/(-2760))?
True
Let n be (-15)/((9/(-20))/(-3)). Let w be 1/(5*(-4)/n). Suppose 0*i - 2*b = w*i - 333, 3*i = -b + 199. Is i a multiple of 13?
True
Suppose 505*z - 11130 = 484*z. Is z a multiple of 13?
False
Is 12 a factor of (36/30)/((-798564)/159720 + 5)?
False
Let n = 20 - 7. Let b(r) = 3*r**3 - 20*r**2 - 4*r + 18. Let m be b(7). Let c = m - n. Is c even?
True
Let k(v) = -v**2 + 11*v + 20. Let h be k(12). Suppose y - 3*m = -h*m + 64, 0 = -5*y + 4*m + 349. Is 6 a factor of y?
False
Let i(o) = o**2 + 8*o + 19. Let f be i(-5). Suppose -5*g + 1009 = -0*g - d, 5*g - 1014 = -f*d. Suppose -3*b + g - 16 = 0. Does 13 divide b?
False
Let i(o) = 4*o**2 + 5*o - 16. Let c be i(3). Does 56 divide -1 - 7/(c/(-2245))?
True
Let z(k) = -k**3 + 32*k**2 - 33*k + 58. Let b be z(31). Does 63 divide b - (7 + (-526)/2)?
True
Let x = -382 - -389. Let i(n) = 6*n + 252. Does 71 divide i(x)?
False
Suppose 0 = -4*p + 3*h + 19827, -5402 = -2*p + 2*h + 4510. Does 57 divide p?
True
Let w(v) = 194*v**2 + 11*v - 2. Is 138 a factor of w(2)?
False
Suppose -5*v - z + 41 = 0, 5*v = v - 3*z + 24. Suppose -v*f + 10*f = -4. Is 2/9 + f/90*-355 a multiple of 11?
False
Let h be 1/(3/(-3))*(-89)/(-1). Let b = 430 + h. Suppose 0 = -4*p + s + b, -4*p + 8*p - 3*s - 351 = 0. Is p a multiple of 28?
True
Let a = -53359 - -118559. Does 100 divide a?
True
Suppose 0 = -188*z + 5219693 + 5061934 + 4269573. Is 17 a factor of z?
False
Let o be 0/((-6)/(-3) - 3). Suppose -2*z - 168 = -o*z. Let a = z + 157. Is a a multiple of 6?
False
Let j be (270/4)/((-20)/(-120)). Suppose 5*k = 10*k - j. Does 9 divide k?
True
Let b(p) = -12*p + 3. Let a(i) = -2*i**2 - 6*i + 1. Let y be a(-3). Let o be b(y). Is ((-112)/1 + 1)*12/o a multiple of 29?
False
Suppose 4*h - 9*l - 267133 = -60502, h + 3*l - 51642 = 0. Does 54 divide h?
False
Suppose 2*q = -2*q + 8. Suppose t = -q*t - 1254. Does 36 divide (5 - t/3) + (-1)/3?
True
Suppose 3*g - 3151 = 2357. Is 54 a factor of g?
True
Suppose -2*g = 2*v + 1144, -g - 1706 = 2*g + 5*v. Let y = -378 - g. Let c = -102 + y. Is c a multiple of 12?
False
Let a = -7194 + 10998. Is a a multiple of 4?
True
Let u = -837 + 3619. Is 20 a factor of u?
False
Let x = -13146 - -19701. Is 14 a factor of x?
False
Let b = 807 + -1269. Let x = b - -535. Does 22 divide x?
False
Let a = -147 + 149. Suppose a*h = -3*t + 806, 3*t - 947 + 169 = 5*h. Is 14 a factor of t?
True
Suppose 22 = s - 4*y + 3, -s + 39 = y. Suppose 37 = 4*k - s. Is k a multiple of 5?
False
Let y = 2478 + -947. Suppose 16*k = y + 3045. Does 11 divide k?
True
Let g be (204/10)/((-9)/30). Let j = -166 - g. Does 28 divide (170/(-35) + 4)*j?
True
Let p be (1 - 15/6)/((-1)/2). Suppose x - 5 = 2*x, o + p*x = -8. Is 15 a factor of 118 + -3 + o - 2?
True
Let k(q) = q + 3. Let r be k(-3). Let n(l) = -l**2 - l + 14. Let t be n(r). Suppose 2*g - t = -2*i, 0 = 5*i - 2*g - 4 - 3. Does 2 divide i?
False
Let b be (-290)/(-70) - 2/14. Suppose b*k - 37 = 2*t + k, 3*k = -3*t - 18. Let v(h) = h**3 + 11*h**2 - 4*h + 22. Does 22 divide v(t)?
True
Let d(a) = 295*a + 3685. Let g(n) = 24*n + 307. Let p(t) = -2*d(t) + 25*g(t). Is p(30) a multiple of 30?
False
Let i(v) = -2*v**2 + 17*v + 5. Let w(x) = 7*x**2 - 50*x - 14. Let c(j) = 11*i(j) + 4*w(j). Is c(6) a multiple of 14?
False
Suppose 2*k + 245 = 131. Does 19 divide 6/(-2)*-3*k/(-9)?
True
Does 12 divide ((-591)/(-4))/((-969)/(-114988))?
False
Let s(c) = -c + 2. Let x be s(17). Let i be 4/(-10) - 81/x. Is (-2)/i - 6734/(-35) a multiple of 48?
True
Suppose m = 5*r - 101837, -956*r = -959*r + 4*m + 61092. Does 35 divide r?
False
Let t = -18889 + 32402. Is t a multiple of 39?
False
Suppose 2*v + v - 155 = -s, -5*v - 569 = -4*s. Suppose -2*y + 14 = -s. Let x = y + -48. Does 18 divide x?
False
Let s(n) = 3*n**3 - 66*n**2 - 142*n + 2. Does 6 divide s(25)?
False
Let n = 700 + -687. Is 10 a factor of (-1660)/6*(0 + (-39)/n)?
True
Suppose -3*m + 7848 = -5112. Is 15 a factor of m?
True
Let s(b) = -b**2 - 12*b + 30. Let d(n) = 21*n + 7. Let a be d(-1). Let t be s(a). Suppose -66 = t*f - 126. Is f a multiple of 30?
True
Suppose 376*k + 3260 = 381*k. Is 145 a factor of k?
False
Let i be 1/(142/(-143) + 1). Suppose -1350 = 30*r + 15*r. Let k = r + i. Is k a multiple of 23?
False
Let k be (3/2)/((-39)/1612). Let l be k/(-8) + ((-45)/12 - -3). Suppose 4*u = -l*z + 4*z + 273, -385 = -5*u + 5*z. Does 12 divide u?
True
Let i(f) = 2*f**2 + f - 289. Let g = -63 - -63. Let b be i(g). Let s = b + 407. Is s a multiple of 16?
False
Let z(l) = 26*l - 21 - 58 - 16 - 7. Is z(4) a multiple of 2?
True
Does 214 divide (-12)/30 - 5539648/(-320)?
False
Suppose 0*k + 116*k = 17967 + 34001. Does 3 divide k?
False
Suppose 90 = -8*x + 23*x. Suppose -2236 = -7*u - x*u. Does 52 divide u?
False
Let s(w) = 228*w**2 - 70*w - 43. Does 25 divide s(9)?
False
Let c(u) = -3*u**3 - 46*u**2 + 40*u + 98. Is 62 a factor of c(-20)?
True
Let k(g) = -2248*g - 807. Does 18 divide k(-7)?
False
Does 8 divide (-6779)/(-5) - (-24)/(-30)?
False
Let s be (-30)/12*(-72)/20. Let y be ((-12)/s)/(9/351). Is -4 + y/(-2) - -3 a multiple of 5?
True
Let d = -18 - -21. Suppose -d*b - 36 = 48. Let z = b - -118. Is z a multiple of 30?
True
Let p(l) = l**2 + 3*l + 14. Let m be p(-8). Let x = m - 53. Is x/(2/(-6)) + (18 - -1) even?
True
Let p(b) = b**3 - b**2 + b + 4. Let n be p(2). Does 18 divide (81/(-12))/(n/(1280/(-6)))?
True
Suppose 20 = p + 2*d + 2, -2*d = -2*p + 18. Suppose -p*y = -17*y. Suppose y = -m - 16 + 79. Does 9 divide m?
True
Let a = 340 + -334. Suppose -2*t + a = 0, -7*z - 2*t + 1811 = -2*z. Is z a multiple of 9?
False
Let v = -393 - -10606. Is 31 a factor of v?
False
Let f be (4/(-14))/(-1) - (-130)/(-455). Suppose -2*x + 2 = x - 4*g, -2*x + g + 3 = 0. Suppose -h + 112 = 2*z + 3*h, f = x*z + 3*h - 112. Does 7 divide z?
True
Let l(x) = x**3 + 2*x**2 + 2*x + 6. Let i be l(-3). Let j = -5 - i. Does 9 divide ((-1188)/(-11))/(6/j)?
True
Let d be -103 + 2 + -4 + -2. Let k = d + 11. Is (k/15)/((-4)/10) a multiple of 3?
False
Let h be (-1)/4 + 6*3/72. Let f(z) = -z**3 - z. Let p be f(h). Suppose 4*x - 4*w - 776 = p, 25 = -3*x - 4*w + 635. Is 18 a factor of x?
True
Suppose q = v + 21, -5*q + 56 = 5*v - 39. Suppose 60 = 4*t + 5*b - 315, -4*b - q = 0. Is t a multiple of 10?
True
Let g = 3636 - 3340. Is 3 a factor of g?
False
Suppose 4*w = 4*x - 80, x + 10 = -0*x - 5*w. Suppose -k + x = -0*k - 5*i, 0 = 2*k - i - 39. Is 156/k*(-1 - -6) a multiple of 13?
True
Let w(l) = 4787*l**2 + 43*l - 124. Is 230 a factor of w(2)?
False
Suppose 0 = -22*b + 8*b + 112. Let v(d) = 27*d - 195. Is 11 a factor of v(b)?
False
Let k(y) = -2*y**2 - 38*y + 38. Let x(z) = z - 2. Let a(t) = -k(t) - 6*x(t). Does 5 divide a(-17)?
False
Suppose 4*c - 8*c = -48. Suppose -3*g + 5*y + c + 11 = 0, 0 = 2*y + 8. Does 9 divide (350/15)/(g/3)?
False
Let z(d) = 2*d**3 + 6*d**2 + 4*d + 3. Let p be z(-3). Does 6 divide (-6)/p - (-3152)/24?
True
Let i(l) = -132*l - 1544. Does 8 divide i(-20)?
True
Let k(a) = 2*a**3 + 2*a**2 - 3*a + 3. Let v be k(2). Suppose -3*o - v = 4*g, -21 = 3*g + o - 4*o. Let q(l) = -10*l + 20. Is q(g) a multiple of 17?
False
Let f be (-8)/10*(-120)/48. Suppose -14 = -3*n + 1, f*j + 2*n - 22 = 0. Is j a multiple of 4?
False
Let t = -105 + 114. Suppose t = g + 5. Suppose -3*f - g*k + 650 = 0, -3*f + 2*f + 2*k + 220 = 0. Is 22 a factor of f?
False
Suppose 377 = -4*k - 0*w - 3*w, 3*w = 2*k + 211. Let s = 182 + k. Is 3 a factor of s?
True
Let c = 26060 + 38235. Does 225 divide c?
False
Suppose 63 = -3*t + 3*g + 2*g, 0 = 4*t + 4*g + 52. Let m be (-3)/2*1*t/6. Suppose -x + 72 + 4 = -2*q, -340 = -4*x - m*q. Is 25 a factor of x?
False
Suppose -8846 = 6*v + 9*v - 67256. Does 66 divide v?
True
Let c = -438 + 441. Let x(u) = 141*u + 39. Does 11 divide x(c)?
True
Let y(x) = 8*x**2 + 0*x**2 + 4 - 11*x**2 - 13*x**2 - 15*x - x**3. Let s be y(-15). Suppose -s*m = -9*m - 4*r + 232, 5*r = 15. Is 8 a factor of m?
False
Suppose n = 2*l, 3*n - 2*n = l - 2. Does 15 divide -1*(l/3 + (-2856)/36)?
False
Suppose -5*g - 5*t = -7814 - 4691, 0 = -4*g - t + 10016. Is 4 a factor of g?
False
L